{"id":9309,"date":"2025-10-18T21:48:11","date_gmt":"2025-10-18T19:48:11","guid":{"rendered":"https:\/\/luxorplasman.me\/?post_type=product&#038;p=9309"},"modified":"2025-10-19T07:56:47","modified_gmt":"2025-10-19T05:56:47","slug":"r6467-kesa-sa-upredenom-ruckom-braon-22-10-x-31-cm","status":"publish","type":"product","link":"https:\/\/luxorplasman.me\/luxor-consulting\/product\/r6467-kesa-sa-upredenom-ruckom-braon-22-10-x-31-cm\/","title":{"rendered":"R6474 &#8211; Kesa sa upredenom ru\u010dkom, braon (22 + 10 \u00d7 31 cm)"},"content":{"rendered":"<h3 data-start=\"938\" data-end=\"1005\"><strong data-start=\"942\" data-end=\"1003\">Papirna kesa sa upredenom ru\u010dkom, braon (22 + 10 \u00d7 31 cm)<\/strong><\/h3>\n<p data-start=\"1007\" data-end=\"1338\">Prakti\u010dna kesa od <strong data-start=\"1025\" data-end=\"1047\">braon kraft papira<\/strong> sa <strong data-start=\"1051\" data-end=\"1071\">upredenom ru\u010dkom<\/strong>, idealna za gift shopove, butike i prodavnice prirodnih proizvoda.<br data-start=\"1138\" data-end=\"1141\" \/>Dimenzije <strong data-start=\"1151\" data-end=\"1200\">22 cm (\u0161irina) + 10 cm (dno) \u00d7 31 cm (visina)<\/strong> pru\u017eaju dovoljno prostora za razli\u010dite artikle, uz elegantan i prirodan izgled.<br data-start=\"1280\" data-end=\"1283\" \/>Materijal je \u010dvrst, biorazgradiv i prijatan na dodir.<\/p>\n<hr data-start=\"1340\" data-end=\"1343\" \/>\n<p data-start=\"1345\" data-end=\"1375\"><strong data-start=\"1345\" data-end=\"1373\">Specifikacija proizvoda:<\/strong><\/p>\n<ul data-start=\"1376\" data-end=\"1690\">\n<li data-start=\"1376\" data-end=\"1396\">\n<p data-start=\"1378\" data-end=\"1396\"><strong data-start=\"1378\" data-end=\"1388\">\u0160ifra:<\/strong> R6474<\/p>\n<\/li>\n<li data-start=\"1397\" data-end=\"1420\">\n<p data-start=\"1399\" data-end=\"1420\"><strong data-start=\"1399\" data-end=\"1413\">Gramatura:<\/strong> 90 g<\/p>\n<\/li>\n<li data-start=\"1421\" data-end=\"1462\">\n<p data-start=\"1423\" data-end=\"1462\"><strong data-start=\"1423\" data-end=\"1449\">Transportno pakovanje:<\/strong> 250 komada<\/p>\n<\/li>\n<li data-start=\"1463\" data-end=\"1512\">\n<p data-start=\"1465\" data-end=\"1512\"><strong data-start=\"1465\" data-end=\"1476\">Cijena:<\/strong> 0,12 \u20ac po jednoj kesi (sa PDV-om)<\/p>\n<\/li>\n<li data-start=\"1513\" data-end=\"1602\">\n<p data-start=\"1515\" data-end=\"1602\"><strong data-start=\"1515\" data-end=\"1528\">Napomena:<\/strong> Proizvod se prodaje isklju\u010divo po transportnom pakovanju od 250 komada.<\/p>\n<\/li>\n<li data-start=\"1603\" data-end=\"1690\">\n<p data-start=\"1605\" data-end=\"1690\"><strong data-start=\"1605\" data-end=\"1617\">Dodatno:<\/strong> Za porud\u017ebine preko <strong data-start=\"1638\" data-end=\"1655\">10.000 komada<\/strong> mogu\u0107a je \u0161tampa po \u017eelji kupca.<\/p>\n<\/li>\n<\/ul>\n","protected":false},"excerpt":{"rendered":"<p>Papirna kesa sa upredenom ru\u010dkom, braon (22 + 10 \u00d7 31 cm) Prakti\u010dna kesa od braon kraft papira sa upredenom ru\u010dkom, idealna za gift shopove, butike i prodavnice prirodnih proizvoda.Dimenzije 22 cm (\u0161irina) + 10 cm (dno) \u00d7 31 cm (visina) pru\u017eaju dovoljno prostora za razli\u010dite artikle, uz elegantan i prirodan izgled.Materijal je \u010dvrst, biorazgradiv [&hellip;]<\/p>\n","protected":false},"featured_media":0,"comment_status":"open","ping_status":"closed","template":"","meta":{"content-type":""},"product_brand":[],"product_cat":[15],"product_tag":[],"class_list":{"0":"post-9309","1":"product","2":"type-product","3":"status-publish","5":"product_cat-uncategorized","7":"first","8":"outofstock","9":"shipping-taxable","10":"purchasable","11":"product-type-simple"},"_links":{"self":[{"href":"https:\/\/luxorplasman.me\/luxor-consulting\/wp-json\/wp\/v2\/product\/9309","targetHints":{"allow":["GET"]}}],"collection":[{"href":"https:\/\/luxorplasman.me\/luxor-consulting\/wp-json\/wp\/v2\/product"}],"about":[{"href":"https:\/\/luxorplasman.me\/luxor-consulting\/wp-json\/wp\/v2\/types\/product"}],"replies":[{"embeddable":true,"href":"https:\/\/luxorplasman.me\/luxor-consulting\/wp-json\/wp\/v2\/comments?post=9309"}],"wp:attachment":[{"href":"https:\/\/luxorplasman.me\/luxor-consulting\/wp-json\/wp\/v2\/media?parent=9309"}],"wp:term":[{"taxonomy":"product_brand","embeddable":true,"href":"https:\/\/luxorplasman.me\/luxor-consulting\/wp-json\/wp\/v2\/product_brand?post=9309"},{"taxonomy":"product_cat","embeddable":true,"href":"https:\/\/luxorplasman.me\/luxor-consulting\/wp-json\/wp\/v2\/product_cat?post=9309"},{"taxonomy":"product_tag","embeddable":true,"href":"https:\/\/luxorplasman.me\/luxor-consulting\/wp-json\/wp\/v2\/product_tag?post=9309"}],"curies":[{"name":"wp","href":"https:\/\/api.w.org\/{rel}","templated":true}]}}