{"id":8724,"date":"2025-05-18T14:03:05","date_gmt":"2025-05-18T12:03:05","guid":{"rendered":"https:\/\/luxorplasman.me\/?post_type=product&#038;p=8724"},"modified":"2025-11-16T13:57:56","modified_gmt":"2025-11-16T12:57:56","slug":"kucica-za-macke-tamno-siva","status":"publish","type":"product","link":"https:\/\/luxorplasman.me\/luxor-consulting\/product\/kucica-za-macke-tamno-siva\/","title":{"rendered":"Ku\u0107ica za ma\u010dke tamno siva"},"content":{"rendered":"<p><span style=\"vertical-align: inherit;\"><span style=\"vertical-align: inherit;\"><span style=\"vertical-align: inherit;\"><span style=\"vertical-align: inherit;\"><span style=\"vertical-align: inherit;\"><span style=\"vertical-align: inherit;\"><span style=\"vertical-align: inherit;\"><span style=\"vertical-align: inherit;\">\u0160ifra bara: 3253920615008<\/span><\/span><\/span><\/span><\/span><\/span><\/span><\/span><\/p>\n<hr class=\"\" data-start=\"92\" data-end=\"95\" \/>\n<p data-start=\"0\" data-end=\"259\">Ku\u0107ica\/toalet za ma\u010dke <strong data-start=\"23\" data-end=\"48\">Keter \u2013 Rattan design<\/strong>\u00a0prakti\u010dno je i elegantno rje\u0161enje za svakodnevnu upotrebu. Zahvaljuju\u0107i zatvorenom obliku, pru\u017ea ljubimcu osje\u0107aj privatnosti i sigurnosti, dok u isto vrijeme smanjuje \u0161irenje mirisa u prostoru.<\/p>\n<p data-start=\"261\" data-end=\"559\">Opremljena je <strong data-start=\"275\" data-end=\"308\">izvla\u010divom ladicom za pijesak<\/strong> koja olak\u0161ava \u010di\u0161\u0107enje i <strong data-start=\"334\" data-end=\"358\">re\u0161etkastom podlogom<\/strong> koja sprje\u010dava rasipanje pijeska van ku\u0107ice. Izra\u0111ena je od kvalitetne plastike otporne na vlagu, jednostavna je za odr\u017eavanje i odlikuje se modernim ratan izgledom koji se uklapa u svaki enterijer.<\/p>\n<p data-start=\"383\" data-end=\"529\"><strong data-start=\"383\" data-end=\"409\">Dimenzije (\u0161 \u00d7 d \u00d7 v):<\/strong> 39 \u00d7 39 \u00d7 51 cm<br data-start=\"425\" data-end=\"428\" \/><strong data-start=\"428\" data-end=\"452\">Dimenzije pakovanja:<\/strong> 51 \u00d7 39 \u00d7 41 cm<br data-start=\"468\" data-end=\"471\" \/><strong data-start=\"471\" data-end=\"482\">Te\u017eina:<\/strong> 2,8 kg<\/p>\n<p data-start=\"531\" data-end=\"601\"><strong data-start=\"727\" data-end=\"743\">EAN\/Bar kod:<\/strong> 3253920615008<br data-start=\"757\" data-end=\"760\" \/><strong data-start=\"760\" data-end=\"774\">SAP\/\u0160ifra:<\/strong> 198846<\/p>\n","protected":false},"excerpt":{"rendered":"<p>\u0160ifra bara: 3253920615008 Ku\u0107ica\/toalet za ma\u010dke Keter \u2013 Rattan design\u00a0prakti\u010dno je i elegantno rje\u0161enje za svakodnevnu upotrebu. Zahvaljuju\u0107i zatvorenom obliku, pru\u017ea ljubimcu osje\u0107aj privatnosti i sigurnosti, dok u isto vrijeme smanjuje \u0161irenje mirisa u prostoru. Opremljena je izvla\u010divom ladicom za pijesak koja olak\u0161ava \u010di\u0161\u0107enje i re\u0161etkastom podlogom koja sprje\u010dava rasipanje pijeska van ku\u0107ice. Izra\u0111ena je [&hellip;]<\/p>\n","protected":false},"featured_media":8725,"comment_status":"open","ping_status":"closed","template":"","meta":{"content-type":""},"product_brand":[],"product_cat":[84,168,179],"product_tag":[],"class_list":{"0":"post-8724","1":"product","2":"type-product","3":"status-publish","4":"has-post-thumbnail","6":"product_cat-curver","7":"product_cat-keter","8":"product_cat-kucni-ljubimci","10":"first","11":"instock","12":"featured","13":"shipping-taxable","14":"purchasable","15":"product-type-simple"},"_links":{"self":[{"href":"https:\/\/luxorplasman.me\/luxor-consulting\/wp-json\/wp\/v2\/product\/8724","targetHints":{"allow":["GET"]}}],"collection":[{"href":"https:\/\/luxorplasman.me\/luxor-consulting\/wp-json\/wp\/v2\/product"}],"about":[{"href":"https:\/\/luxorplasman.me\/luxor-consulting\/wp-json\/wp\/v2\/types\/product"}],"replies":[{"embeddable":true,"href":"https:\/\/luxorplasman.me\/luxor-consulting\/wp-json\/wp\/v2\/comments?post=8724"}],"wp:featuredmedia":[{"embeddable":true,"href":"https:\/\/luxorplasman.me\/luxor-consulting\/wp-json\/wp\/v2\/media\/8725"}],"wp:attachment":[{"href":"https:\/\/luxorplasman.me\/luxor-consulting\/wp-json\/wp\/v2\/media?parent=8724"}],"wp:term":[{"taxonomy":"product_brand","embeddable":true,"href":"https:\/\/luxorplasman.me\/luxor-consulting\/wp-json\/wp\/v2\/product_brand?post=8724"},{"taxonomy":"product_cat","embeddable":true,"href":"https:\/\/luxorplasman.me\/luxor-consulting\/wp-json\/wp\/v2\/product_cat?post=8724"},{"taxonomy":"product_tag","embeddable":true,"href":"https:\/\/luxorplasman.me\/luxor-consulting\/wp-json\/wp\/v2\/product_tag?post=8724"}],"curies":[{"name":"wp","href":"https:\/\/api.w.org\/{rel}","templated":true}]}}