{"id":8581,"date":"2025-04-23T22:47:48","date_gmt":"2025-04-23T20:47:48","guid":{"rendered":"https:\/\/luxorplasman.me\/?post_type=product&#038;p=8581"},"modified":"2025-10-19T23:31:46","modified_gmt":"2025-10-19T21:31:46","slug":"pap-kesa-sa-upredenom-ruc-braon-rec-14-8x39","status":"publish","type":"product","link":"https:\/\/luxorplasman.me\/luxor-consulting\/product\/pap-kesa-sa-upredenom-ruc-braon-rec-14-8x39\/","title":{"rendered":"R6471 &#8211;  Kesa sa upredenom ru\u010dkom, reciklirani papir (14 + 8 \u00d7 39 cm)"},"content":{"rendered":"<h3 data-start=\"134\" data-end=\"212\"><strong data-start=\"138\" data-end=\"210\">Papirna kesa sa upredenom ru\u010dkom, reciklirani papir (14 + 8 \u00d7 39 cm)<\/strong><\/h3>\n<p data-start=\"214\" data-end=\"574\">Uska i elegantna papirna kesa izra\u0111ena od <strong data-start=\"256\" data-end=\"279\">recikliranog papira<\/strong>, prirodne sive nijanse i blago rusti\u010dnog izgleda.<br data-start=\"329\" data-end=\"332\" \/>Dimenzije <strong data-start=\"342\" data-end=\"390\">14 cm (\u0161irina) + 8 cm (dno) \u00d7 39 cm (visina)<\/strong> \u010dine je idealnom za fla\u0161e, poklon pakovanja i artikle iz segmenta delikatesa.<br data-start=\"468\" data-end=\"471\" \/>Izdr\u017eljiva, ekolo\u0161ka i vizuelno prepoznatljiva \u2013 odli\u010dan izbor za brendove koji te\u017ee odr\u017eivom imid\u017eu.<\/p>\n<hr data-start=\"576\" data-end=\"579\" \/>\n<p data-start=\"581\" data-end=\"611\"><strong data-start=\"581\" data-end=\"609\">Specifikacija proizvoda:<\/strong><\/p>\n<ul data-start=\"612\" data-end=\"927\">\n<li data-start=\"612\" data-end=\"632\">\n<p data-start=\"614\" data-end=\"632\"><strong data-start=\"614\" data-end=\"624\">\u0160ifra:<\/strong> R6471<\/p>\n<\/li>\n<li data-start=\"633\" data-end=\"657\">\n<p data-start=\"635\" data-end=\"657\"><strong data-start=\"635\" data-end=\"649\">Gramatura:<\/strong> 100 g<\/p>\n<\/li>\n<li data-start=\"658\" data-end=\"699\">\n<p data-start=\"660\" data-end=\"699\"><strong data-start=\"660\" data-end=\"686\">Transportno pakovanje:<\/strong> 300 komada<\/p>\n<\/li>\n<li data-start=\"700\" data-end=\"749\">\n<p data-start=\"702\" data-end=\"749\"><strong data-start=\"702\" data-end=\"713\">Cijena:<\/strong> 36,00 \u20ac po jednom trasnportnom pakovanju (sa PDV-om)<\/p>\n<\/li>\n<li data-start=\"750\" data-end=\"839\">\n<p data-start=\"752\" data-end=\"839\"><strong data-start=\"752\" data-end=\"765\">Napomena:<\/strong> Proizvod se prodaje isklju\u010divo po transportnom pakovanju od 300 komada.<\/p>\n<\/li>\n<li data-start=\"840\" data-end=\"927\">\n<p data-start=\"842\" data-end=\"927\"><strong data-start=\"842\" data-end=\"854\">Dodatno:<\/strong> Za porud\u017ebine preko <strong data-start=\"875\" data-end=\"892\">10.000 komada<\/strong> mogu\u0107a je \u0161tampa po \u017eelji kupca.<\/p>\n<\/li>\n<\/ul>\n","protected":false},"excerpt":{"rendered":"<p>Dimenzije 14x8x39cm<\/p>\n","protected":false},"featured_media":8582,"comment_status":"open","ping_status":"closed","template":"","meta":{"content-type":""},"product_brand":[],"product_cat":[197,165,195],"product_tag":[],"class_list":{"0":"post-8581","1":"product","2":"type-product","3":"status-publish","4":"has-post-thumbnail","6":"product_cat-kese-sa-upredenom-ruckom","7":"product_cat-natura","8":"product_cat-papirne-kese","10":"first","11":"instock","12":"shipping-taxable","13":"purchasable","14":"product-type-simple"},"_links":{"self":[{"href":"https:\/\/luxorplasman.me\/luxor-consulting\/wp-json\/wp\/v2\/product\/8581","targetHints":{"allow":["GET"]}}],"collection":[{"href":"https:\/\/luxorplasman.me\/luxor-consulting\/wp-json\/wp\/v2\/product"}],"about":[{"href":"https:\/\/luxorplasman.me\/luxor-consulting\/wp-json\/wp\/v2\/types\/product"}],"replies":[{"embeddable":true,"href":"https:\/\/luxorplasman.me\/luxor-consulting\/wp-json\/wp\/v2\/comments?post=8581"}],"wp:featuredmedia":[{"embeddable":true,"href":"https:\/\/luxorplasman.me\/luxor-consulting\/wp-json\/wp\/v2\/media\/8582"}],"wp:attachment":[{"href":"https:\/\/luxorplasman.me\/luxor-consulting\/wp-json\/wp\/v2\/media?parent=8581"}],"wp:term":[{"taxonomy":"product_brand","embeddable":true,"href":"https:\/\/luxorplasman.me\/luxor-consulting\/wp-json\/wp\/v2\/product_brand?post=8581"},{"taxonomy":"product_cat","embeddable":true,"href":"https:\/\/luxorplasman.me\/luxor-consulting\/wp-json\/wp\/v2\/product_cat?post=8581"},{"taxonomy":"product_tag","embeddable":true,"href":"https:\/\/luxorplasman.me\/luxor-consulting\/wp-json\/wp\/v2\/product_tag?post=8581"}],"curies":[{"name":"wp","href":"https:\/\/api.w.org\/{rel}","templated":true}]}}