{"id":8471,"date":"2025-03-02T20:31:16","date_gmt":"2025-03-02T19:31:16","guid":{"rendered":"https:\/\/luxorplasman.me\/?post_type=product&#038;p=8471"},"modified":"2025-11-24T16:30:02","modified_gmt":"2025-11-24T15:30:02","slug":"keter-premier-759-bastenska-kucica","status":"publish","type":"product","link":"https:\/\/luxorplasman.me\/luxor-consulting\/product\/keter-premier-759-bastenska-kucica\/","title":{"rendered":"Keter Premier 759 ba\u0161tenska ku\u0107ica"},"content":{"rendered":"<p data-start=\"85\" data-end=\"560\"><strong data-start=\"85\" data-end=\"100\">Premier 759<\/strong> \u2013 Elegantna i izdr\u017eljiva ba\u0161tenska ku\u0107ica koja kombinuje prakti\u010dnost i atraktivan dizajn. Dvostruki zidovi osiguravaju stabilnost i dugotrajnost, dok je materijal otporan na vremenske uslove i UV zra\u010denje, pa nije potrebno dodatno odr\u017eavanje. Izdr\u017eljiv pod \u0161titi unutra\u0161njost od vlage i blata, a krovni prozor i dodatni bo\u010dni prozor omogu\u0107avaju obilje prirodnog svjetla unutar ku\u0107ice. Premier 759 se odlikuje klasi\u010dnim stilom koji se uklapa u svaki prostor.<\/p>\n<p data-start=\"85\" data-end=\"560\"><strong data-start=\"593\" data-end=\"620\">Vanjske dimenzije (cm):<\/strong> 228 \u00d7 287 \u00d7 252<br data-start=\"636\" data-end=\"639\" \/><strong data-start=\"639\" data-end=\"669\">Unutra\u0161nje dimenzije (cm):<\/strong> 201 \u00d7 261 \u00d7 236<br data-start=\"685\" data-end=\"688\" data-is-only-node=\"\" \/><strong data-start=\"688\" data-end=\"717\">Dimenzije pakovanja (cm):<\/strong> 227 \u00d7 132 \u00d7 45<br data-start=\"732\" data-end=\"735\" \/><strong data-start=\"766\" data-end=\"780\">Materijal:<\/strong> Smolasta plastika sa \u010deli\u010dnim oja\u010danjima<\/p>\n<p data-start=\"85\" data-end=\"560\"><strong data-start=\"824\" data-end=\"833\">Boja:<\/strong> Siva<\/p>\n<p data-start=\"85\" data-end=\"560\"><strong data-start=\"861\" data-end=\"877\">EAN\/Bar kod:<\/strong> <span dir=\"auto\" style=\"vertical-align: inherit;\">7290112637284<\/span><br data-start=\"902\" data-end=\"905\" \/><strong data-start=\"905\" data-end=\"919\">SAP\/\u0160ifra:<\/strong> <span dir=\"auto\" style=\"vertical-align: inherit;\">17212350<\/span><\/p>\n","protected":false},"excerpt":{"rendered":"<p>Keter Premier 759 je <strong data-start=\"130\" data-end=\"173\">prostrana i izdr\u017eljiva ba\u0161tenska ku\u0107ica<\/strong>, savr\u0161ena za skladi\u0161tenje alata, ba\u0161tenskog namje\u0161taja, bicikala i drugih potrep\u0161tina.<\/p>\n<p>\ud83d\udd39 <strong data-start=\"480\" data-end=\"494\">Dimenzije:<\/strong> 229 x 223 x 252 cm<\/p>\n","protected":false},"featured_media":9201,"comment_status":"open","ping_status":"closed","template":"","meta":{"content-type":""},"product_brand":[],"product_cat":[234,168],"product_tag":[],"class_list":{"0":"post-8471","1":"product","2":"type-product","3":"status-publish","4":"has-post-thumbnail","6":"product_cat-bastenske-kucice","7":"product_cat-keter","9":"first","10":"instock","11":"sale","12":"shipping-taxable","13":"purchasable","14":"product-type-simple"},"_links":{"self":[{"href":"https:\/\/luxorplasman.me\/luxor-consulting\/wp-json\/wp\/v2\/product\/8471","targetHints":{"allow":["GET"]}}],"collection":[{"href":"https:\/\/luxorplasman.me\/luxor-consulting\/wp-json\/wp\/v2\/product"}],"about":[{"href":"https:\/\/luxorplasman.me\/luxor-consulting\/wp-json\/wp\/v2\/types\/product"}],"replies":[{"embeddable":true,"href":"https:\/\/luxorplasman.me\/luxor-consulting\/wp-json\/wp\/v2\/comments?post=8471"}],"wp:featuredmedia":[{"embeddable":true,"href":"https:\/\/luxorplasman.me\/luxor-consulting\/wp-json\/wp\/v2\/media\/9201"}],"wp:attachment":[{"href":"https:\/\/luxorplasman.me\/luxor-consulting\/wp-json\/wp\/v2\/media?parent=8471"}],"wp:term":[{"taxonomy":"product_brand","embeddable":true,"href":"https:\/\/luxorplasman.me\/luxor-consulting\/wp-json\/wp\/v2\/product_brand?post=8471"},{"taxonomy":"product_cat","embeddable":true,"href":"https:\/\/luxorplasman.me\/luxor-consulting\/wp-json\/wp\/v2\/product_cat?post=8471"},{"taxonomy":"product_tag","embeddable":true,"href":"https:\/\/luxorplasman.me\/luxor-consulting\/wp-json\/wp\/v2\/product_tag?post=8471"}],"curies":[{"name":"wp","href":"https:\/\/api.w.org\/{rel}","templated":true}]}}