{"id":7549,"date":"2024-11-20T06:42:36","date_gmt":"2024-11-20T05:42:36","guid":{"rendered":"https:\/\/luxorplasman.me\/?post_type=product&#038;p=7549"},"modified":"2025-09-03T10:34:54","modified_gmt":"2025-09-03T08:34:54","slug":"djeciji-stocic","status":"publish","type":"product","link":"https:\/\/luxorplasman.me\/luxor-consulting\/product\/djeciji-stocic\/","title":{"rendered":"Djeciji stocic"},"content":{"rendered":"<p data-start=\"65\" data-end=\"449\"><strong data-start=\"65\" data-end=\"80\">Dje\u010diji sto<\/strong> \u2013 Moderan sto dizajniran za dje\u010dije potrebe koji se lako uklapa u svaki prostor. Odli\u010dan je dodatak dje\u010dijoj sobi, a zahvaljuju\u0107i laganoj konstrukciji jednostavno se prenosi na terasu ili u vrt. Ergonomski oblik prilago\u0111en mali\u0161anima obezbje\u0111uje dugotrajnu upotrebu i funkcionalnost. Dobro se kombinuje sa <strong data-start=\"387\" data-end=\"408\">dje\u010dijom stolicom<\/strong> iz iste linije. Monta\u017ea nije potrebna.<\/p>\n<p data-start=\"65\" data-end=\"449\"><strong data-start=\"482\" data-end=\"509\">Vanjske dimenzije (cm):<\/strong> 64 \u00d7 64 \u00d7 48<br data-start=\"522\" data-end=\"525\" \/><strong data-start=\"525\" data-end=\"554\">Dimenzije pakovanja (cm):<\/strong> 64 \u00d7 64 \u00d7 48<br data-start=\"616\" data-end=\"619\" \/><strong data-start=\"619\" data-end=\"633\">Materijal:<\/strong> Polipropilen (plastika)<br data-start=\"694\" data-end=\"697\" \/><strong data-start=\"697\" data-end=\"713\">EAN\/Bar kod: <\/strong>7290005676628<br data-start=\"738\" data-end=\"741\" \/><strong data-start=\"741\" data-end=\"755\">SAP\/\u0160ifra:<\/strong> 223838<\/p>\n<p>&nbsp;<\/p>\n","protected":false},"excerpt":{"rendered":"<p>Dje\u010diji sto \u2013 Moderan sto dizajniran za dje\u010dije potrebe koji se lako uklapa u svaki prostor. Odli\u010dan je dodatak dje\u010dijoj sobi, a zahvaljuju\u0107i laganoj konstrukciji jednostavno se prenosi na terasu ili u vrt. Ergonomski oblik prilago\u0111en mali\u0161anima obezbje\u0111uje dugotrajnu upotrebu i funkcionalnost. Dobro se kombinuje sa dje\u010dijom stolicom iz iste linije. Monta\u017ea nije potrebna. Vanjske [&hellip;]<\/p>\n","protected":false},"featured_media":8030,"comment_status":"open","ping_status":"closed","template":"","meta":{"content-type":""},"product_brand":[],"product_cat":[168],"product_tag":[],"class_list":{"0":"post-7549","1":"product","2":"type-product","3":"status-publish","4":"has-post-thumbnail","6":"product_cat-keter","8":"first","9":"instock","10":"shipping-taxable","11":"purchasable","12":"product-type-simple"},"_links":{"self":[{"href":"https:\/\/luxorplasman.me\/luxor-consulting\/wp-json\/wp\/v2\/product\/7549","targetHints":{"allow":["GET"]}}],"collection":[{"href":"https:\/\/luxorplasman.me\/luxor-consulting\/wp-json\/wp\/v2\/product"}],"about":[{"href":"https:\/\/luxorplasman.me\/luxor-consulting\/wp-json\/wp\/v2\/types\/product"}],"replies":[{"embeddable":true,"href":"https:\/\/luxorplasman.me\/luxor-consulting\/wp-json\/wp\/v2\/comments?post=7549"}],"wp:featuredmedia":[{"embeddable":true,"href":"https:\/\/luxorplasman.me\/luxor-consulting\/wp-json\/wp\/v2\/media\/8030"}],"wp:attachment":[{"href":"https:\/\/luxorplasman.me\/luxor-consulting\/wp-json\/wp\/v2\/media?parent=7549"}],"wp:term":[{"taxonomy":"product_brand","embeddable":true,"href":"https:\/\/luxorplasman.me\/luxor-consulting\/wp-json\/wp\/v2\/product_brand?post=7549"},{"taxonomy":"product_cat","embeddable":true,"href":"https:\/\/luxorplasman.me\/luxor-consulting\/wp-json\/wp\/v2\/product_cat?post=7549"},{"taxonomy":"product_tag","embeddable":true,"href":"https:\/\/luxorplasman.me\/luxor-consulting\/wp-json\/wp\/v2\/product_tag?post=7549"}],"curies":[{"name":"wp","href":"https:\/\/api.w.org\/{rel}","templated":true}]}}