{"id":7510,"date":"2024-11-20T06:42:23","date_gmt":"2024-11-20T05:42:23","guid":{"rendered":"https:\/\/luxorplasman.me\/?post_type=product&#038;p=7510"},"modified":"2025-10-19T23:42:22","modified_gmt":"2025-10-19T21:42:22","slug":"pap-kesa-sa-upredenom-ruc-braon-3212x41","status":"publish","type":"product","link":"https:\/\/luxorplasman.me\/luxor-consulting\/product\/pap-kesa-sa-upredenom-ruc-braon-3212x41\/","title":{"rendered":"R6482 &#8211; Kesa sa upredenom ru\u010dkom, braon (32 + 12 \u00d7 41 cm)"},"content":{"rendered":"<h3 data-start=\"1697\" data-end=\"1764\"><strong data-start=\"1701\" data-end=\"1762\">Papirna kesa sa upredenom ru\u010dkom, braon (32 + 12 \u00d7 41 cm)<\/strong><\/h3>\n<p data-start=\"1766\" data-end=\"2082\">Srednje velika papirna kesa od <strong data-start=\"1797\" data-end=\"1819\">braon kraft papira<\/strong> sa <strong data-start=\"1823\" data-end=\"1843\">upredenom ru\u010dkom<\/strong>, idealna za garderobu, obu\u0107u i promotivne proizvode.<br data-start=\"1896\" data-end=\"1899\" \/>Dimenzije <strong data-start=\"1909\" data-end=\"1958\">32 cm (\u0161irina) + 12 cm (dno) \u00d7 41 cm (visina)<\/strong> pru\u017eaju odli\u010dan balans zapremine i \u010dvrsto\u0107e.<br data-start=\"2003\" data-end=\"2006\" \/>Ru\u010dke su uvrnute i izuzetno izdr\u017eljive, a sam papir nosi prirodan eko ton.<\/p>\n<hr data-start=\"2084\" data-end=\"2087\" \/>\n<p data-start=\"2089\" data-end=\"2119\"><strong data-start=\"2089\" data-end=\"2117\">Specifikacija proizvoda:<\/strong><\/p>\n<ul data-start=\"2120\" data-end=\"2435\">\n<li data-start=\"2120\" data-end=\"2140\">\n<p data-start=\"2122\" data-end=\"2140\"><strong data-start=\"2122\" data-end=\"2132\">\u0160ifra:<\/strong> R6482<\/p>\n<\/li>\n<li data-start=\"2141\" data-end=\"2165\">\n<p data-start=\"2143\" data-end=\"2165\"><strong data-start=\"2143\" data-end=\"2157\">Gramatura:<\/strong> 100 g<\/p>\n<\/li>\n<li data-start=\"2166\" data-end=\"2207\">\n<p data-start=\"2168\" data-end=\"2207\"><strong data-start=\"2168\" data-end=\"2194\">Transportno pakovanje:<\/strong> 200 komada<\/p>\n<\/li>\n<li data-start=\"2208\" data-end=\"2257\">\n<p data-start=\"2210\" data-end=\"2257\"><strong data-start=\"2210\" data-end=\"2221\">Cijena: <\/strong>32.00 \u20ac po jednom transportnom pakovanju (sa PDV-om)<\/p>\n<\/li>\n<li data-start=\"2258\" data-end=\"2347\">\n<p data-start=\"2260\" data-end=\"2347\"><strong data-start=\"2260\" data-end=\"2273\">Napomena:<\/strong> Proizvod se prodaje isklju\u010divo po transportnom pakovanju od 200 komada.<\/p>\n<\/li>\n<li data-start=\"2348\" data-end=\"2435\">\n<p data-start=\"2350\" data-end=\"2435\"><strong data-start=\"2350\" data-end=\"2362\">Dodatno:<\/strong> Za porud\u017ebine preko <strong data-start=\"2383\" data-end=\"2400\">10.000 komada<\/strong> mogu\u0107a je \u0161tampa po \u017eelji kupca.<\/p>\n<\/li>\n<\/ul>\n<p>&nbsp;<\/p>\n","protected":false},"excerpt":{"rendered":"<p>Papirna kesa sa upredenom ru\u010dkom, braon (32 + 12 \u00d7 41 cm) Srednje velika papirna kesa od braon kraft papira sa upredenom ru\u010dkom, idealna za garderobu, obu\u0107u i promotivne proizvode.Dimenzije 32 cm (\u0161irina) + 12 cm (dno) \u00d7 41 cm (visina) pru\u017eaju odli\u010dan balans zapremine i \u010dvrsto\u0107e.Ru\u010dke su uvrnute i izuzetno izdr\u017eljive, a sam papir [&hellip;]<\/p>\n","protected":false},"featured_media":8580,"comment_status":"open","ping_status":"closed","template":"","meta":{"content-type":""},"product_brand":[],"product_cat":[197,165,195],"product_tag":[],"class_list":{"0":"post-7510","1":"product","2":"type-product","3":"status-publish","4":"has-post-thumbnail","6":"product_cat-kese-sa-upredenom-ruckom","7":"product_cat-natura","8":"product_cat-papirne-kese","10":"first","11":"instock","12":"shipping-taxable","13":"purchasable","14":"product-type-simple"},"_links":{"self":[{"href":"https:\/\/luxorplasman.me\/luxor-consulting\/wp-json\/wp\/v2\/product\/7510","targetHints":{"allow":["GET"]}}],"collection":[{"href":"https:\/\/luxorplasman.me\/luxor-consulting\/wp-json\/wp\/v2\/product"}],"about":[{"href":"https:\/\/luxorplasman.me\/luxor-consulting\/wp-json\/wp\/v2\/types\/product"}],"replies":[{"embeddable":true,"href":"https:\/\/luxorplasman.me\/luxor-consulting\/wp-json\/wp\/v2\/comments?post=7510"}],"wp:featuredmedia":[{"embeddable":true,"href":"https:\/\/luxorplasman.me\/luxor-consulting\/wp-json\/wp\/v2\/media\/8580"}],"wp:attachment":[{"href":"https:\/\/luxorplasman.me\/luxor-consulting\/wp-json\/wp\/v2\/media?parent=7510"}],"wp:term":[{"taxonomy":"product_brand","embeddable":true,"href":"https:\/\/luxorplasman.me\/luxor-consulting\/wp-json\/wp\/v2\/product_brand?post=7510"},{"taxonomy":"product_cat","embeddable":true,"href":"https:\/\/luxorplasman.me\/luxor-consulting\/wp-json\/wp\/v2\/product_cat?post=7510"},{"taxonomy":"product_tag","embeddable":true,"href":"https:\/\/luxorplasman.me\/luxor-consulting\/wp-json\/wp\/v2\/product_tag?post=7510"}],"curies":[{"name":"wp","href":"https:\/\/api.w.org\/{rel}","templated":true}]}}