{"id":5139,"date":"2022-10-27T18:37:02","date_gmt":"2022-10-27T16:37:02","guid":{"rendered":"https:\/\/luxorplasman.me\/?post_type=product&#038;p=5139"},"modified":"2025-06-10T11:51:48","modified_gmt":"2025-06-10T09:51:48","slug":"sb-mineralno-djubrivo-za-etinare-i-ivu-ogradu-1kg","status":"publish","type":"product","link":"https:\/\/luxorplasman.me\/luxor-consulting\/product\/sb-mineralno-djubrivo-za-etinare-i-ivu-ogradu-1kg\/","title":{"rendered":"SB Mineralno djubrivo za cetinare i zivu ogradu  8"},"content":{"rendered":"<p>BAR KOD: 9003225221800<\/p>\n<p>\u0110ubrivo za \u010detinar i \u017eive ograde namijenjeno je \u0111ubrenju ve\u0107ine \u010detinara i \u017eivih ograda: jele, smr\u010de, bora, ari\u0161a, tise, \u010dempresa, tuje, borovice i vrijeska, \u0161im\u0161ira, \u010di\u010dka, kaline&#8230; ali i rododendrona.<br \/>\nFKS 1(C)(I)(a)(ii SLO\u017dENO KRUTO ANORGANSKO \u0110UBRIVO S MAKROHRANJIVIMA I MIKROHRANJIVIMA<br \/>\nNPK (Mg) 5-9-12 (3), koje sadr\u017ei mikrohranjiva (B), (Cu), (Fe), (Zn)<br \/>\n5,0 % ukupnog azota (N)<br \/>\n5,0 % amonijevog azota<br \/>\n9,0 % ukupnog fosfor pentoksida (P2O5)<br \/>\n4,0 % fosfor pentoksida (P2O5), topivog u vodi<br \/>\n12,0 % kalijevog oksida (K2O), topivog u vodi<br \/>\n3,0 % ukupnog magnezijevog oksida (MgO),<br \/>\n2,0 magnezijevog oksida, topivog u vodi<br \/>\nMikrohranjiva:<br \/>\n0,02 % Bor (B), u obliku natrijeve soli*<br \/>\n0,02 % Baker (Cu), u obliku sulfata*<br \/>\n0,8 % \u017delezo (Fe), u obliku sulfata*<br \/>\n0,02 % Cink (Zn), u obliku sulfata*<br \/>\n* Mikrohranjiva su u promjenjivim koli\u010dinama, djelomi\u010dno topiva u vodi.<br \/>\n\u0110ubrivo sadr\u017ei i nedeklarisana makrohranjiva:<br \/>\nKalcij u obliku oksida (CaO) (ukupno cca 13%); kalcijev oksid (CaO), topiv u vodi (cca. 5%).<br \/>\nSumpor u obliku sumporovog trioksida (SO3) (ukupno cca. 34%) i sumpornog trioksida (SO3), topivog u vodi (cca. 31%)<br \/>\nGranulometrija:<br \/>\nGranule. 95% proizvoda ima granule veli\u010dine izme\u0111u 2 i 5 mm.<br \/>\nSASTAV:<br \/>\nprekursor superfosfata1(vlastiti poluproizvod), kalijev sulfat1 (CAS br. 7778-80-5), amonijev sulfat11 (br. CAS 7783-20-2), jednostruki superfosfat1 (CAS br. 8011-76-5), magnezijev sulfat1 (CAS br. 7487-88-9)<br \/>\n1) Materije i smjese od neprera\u0111enog materijala. 11) Nusproizvodi u skladu s Direktivom 2008\/98\/EZ.<br \/>\nDodatne informacije:<br \/>\nS niskim sadr\u017eajem hlorida.<br \/>\nUPOTREBA: Za potro\u0161a\u010dku upotrebu. Za detaljnije informacije pogledajte tekst na pakovanju. Koristiti samo prema potrebama biljke. Nemojte prekora\u010diti predvi\u0111enu dozu.<br \/>\n\u0110ubrivo za \u010detinare I \u017eive ograde koristi se dva puta godi\u0161nje, u ukupnoj dozi od 40 &#8211; 60 g\/m2. Prvi put (1\/2 doze) u rano prolje\u0107e prije po\u010detka vegetacije (mart ili april) i drugi put ljeti (2\/2 doze). Gnojite povr\u0161inu malo ve\u0107u od perimetra kro\u0161nje.<br \/>\nBiljke posa\u0111ene u posude: 5 \u2013 7 g \u0111ubriva\/ 3 &#8211; 5 l zemlje.<br \/>\nVrijeme kori\u0161tenja: mart \u2013 septembar<br \/>\nSKLADI\u0160TENJE:<br \/>\n\u010cuvati na hladnom i suhom mjestu, za\u0161ti\u0107eno od sun\u010deve svjetlosti. \u010cuvati u originalnom pakovanju, izvan dohvata djece i ku\u0107nih ljubimaca.<br \/>\nProizvodi koji su ve\u0107 kori\u0161teni moraju biti dobro zatvoreni.<br \/>\nUPOZORENJE<\/p>\n<p>Opasno.<br \/>\nUzrokuje te\u0161ka o\u0161te\u0107enja oka.<br \/>\n\u0160tetno za organizme koji \u017eive u vodi, s dugotrajnim u\u010dincima.<br \/>\nNositi za\u0161titne rukavice\/za\u0161titnu odje\u0107u\/za\u0161titu za o\u010di\/za\u0161titu za lice.<br \/>\nAKO DO\u0110E DO KONTAKTA S O\u010cIMA: pa\u017eljivo ispirati vodom nekoliko minuta. Uklonite kontaktna so\u010diva ako ih imate i mo\u017eete to u\u010diniti bez pote\u0161ko\u0107a. Nastavite s ispiranjem.<br \/>\nOdmah nazovite centar za toksikologiju ili ljekara.<br \/>\nUvoznik i distributer: Luxor plasman D.O.O., Podgorica. Kontakt: 020\/257-000; luxorplasman@t-com.me<br \/>\nProizvo\u0111a\u010d: Evergreen Garden Care Poland Sp. z o.o., ul. Ostrobramska 101A, 04-041 Warszawa,<br \/>\nZemlja porijekla: Poljska<br \/>\nGodina uvoza: 2025.<br \/>\nRok upotrebe: neograni\u010den<\/p>\n","protected":false},"excerpt":{"rendered":"<p>BAR KOD: 9003225221800 \u0110ubrivo za \u010detinar i \u017eive ograde namijenjeno je \u0111ubrenju ve\u0107ine \u010detinara i \u017eivih ograda: jele, smr\u010de, bora, ari\u0161a, tise, \u010dempresa, tuje, borovice i vrijeska, \u0161im\u0161ira, \u010di\u010dka, kaline&#8230; ali i rododendrona. FKS 1(C)(I)(a)(ii SLO\u017dENO KRUTO ANORGANSKO \u0110UBRIVO S MAKROHRANJIVIMA I MIKROHRANJIVIMA NPK (Mg) 5-9-12 (3), koje sadr\u017ei mikrohranjiva (B), (Cu), (Fe), (Zn) 5,0 [&hellip;]<\/p>\n","protected":false},"featured_media":5081,"comment_status":"open","ping_status":"closed","template":"","meta":{"content-type":""},"product_brand":[],"product_cat":[253,87],"product_tag":[],"class_list":{"0":"post-5139","1":"product","2":"type-product","3":"status-publish","4":"has-post-thumbnail","6":"product_cat-odrzavanjebaste","7":"product_cat-substral","9":"first","10":"instock","11":"shipping-taxable","12":"purchasable","13":"product-type-simple"},"_links":{"self":[{"href":"https:\/\/luxorplasman.me\/luxor-consulting\/wp-json\/wp\/v2\/product\/5139","targetHints":{"allow":["GET"]}}],"collection":[{"href":"https:\/\/luxorplasman.me\/luxor-consulting\/wp-json\/wp\/v2\/product"}],"about":[{"href":"https:\/\/luxorplasman.me\/luxor-consulting\/wp-json\/wp\/v2\/types\/product"}],"replies":[{"embeddable":true,"href":"https:\/\/luxorplasman.me\/luxor-consulting\/wp-json\/wp\/v2\/comments?post=5139"}],"wp:featuredmedia":[{"embeddable":true,"href":"https:\/\/luxorplasman.me\/luxor-consulting\/wp-json\/wp\/v2\/media\/5081"}],"wp:attachment":[{"href":"https:\/\/luxorplasman.me\/luxor-consulting\/wp-json\/wp\/v2\/media?parent=5139"}],"wp:term":[{"taxonomy":"product_brand","embeddable":true,"href":"https:\/\/luxorplasman.me\/luxor-consulting\/wp-json\/wp\/v2\/product_brand?post=5139"},{"taxonomy":"product_cat","embeddable":true,"href":"https:\/\/luxorplasman.me\/luxor-consulting\/wp-json\/wp\/v2\/product_cat?post=5139"},{"taxonomy":"product_tag","embeddable":true,"href":"https:\/\/luxorplasman.me\/luxor-consulting\/wp-json\/wp\/v2\/product_tag?post=5139"}],"curies":[{"name":"wp","href":"https:\/\/api.w.org\/{rel}","templated":true}]}}